s 7753 prime?
True
Is 2101051 a prime number?
True
Is 24233 prime?
False
Is 32653 a composite number?
False
Is 7247 a prime number?
True
Is 63193 a prime number?
False
Is 11189 a composite number?
True
Is 38039 composite?
False
Is 14902 composite?
True
Is 15909 a composite number?
True
Is 52879 prime?
True
Is 320647 prime?
True
Is 28949 a composite number?
False
Is 2886353 a prime number?
True
Is 15427 prime?
True
Is 29933 prime?
False
Is 53513 composite?
True
Is 59523 composite?
True
Is 555167 prime?
True
Is 41809 prime?
True
Is 9179 composite?
True
Is 17087 a composite number?
True
Is 2083799 a prime number?
True
Is 549293 prime?
False
Is 128987 a prime number?
True
Is 546859 a composite number?
False
Is 8893 a prime number?
True
Is 71447 composite?
True
Is 111857 a composite number?
False
Is 1543 a prime number?
True
Is 9689 composite?
False
Is 1004173 prime?
False
Is 41479 prime?
True
Is 9247 a prime number?
False
Is 188827 composite?
False
Is 1039 a prime number?
True
Is 29123 a prime number?
True
Is 45053 a composite number?
False
Is 92149 a composite number?
True
Is 28123 composite?
False
Is 452671 composite?
False
Is 4358 a composite number?
True
Is 8039 prime?
True
Is 483421 composite?
True
Is 15259 a composite number?
False
Is 1657 a composite number?
False
Is 22889 a composite number?
True
Is 28283 a prime number?
True
Is 11665 composite?
True
Is 51601 prime?
False
Is 2614 a prime number?
False
Is 65209 a composite number?
True
Is 269 a composite number?
False
Is 186457 a prime number?
False
Is 12479 a composite number?
False
Is 624938 prime?
False
Is 363799 composite?
False
Is 66971 a prime number?
False
Is 6773 prime?
False
Is 19301 composite?
False
Is 436433 a composite number?
True
Is 245393 prime?
False
Is 3491 composite?
False
Is 7591 composite?
False
Is 7897 a composite number?
True
Is 30461 a prime number?
False
Is 635 composite?
True
Is 22877 composite?
False
Is 3821 a composite number?
False
Is 2293817 composite?
False
Is 2021 composite?
True
Is 995903 a prime number?
True
Is 379833 prime?
False
Is 38251 composite?
True
Is 701 a prime number?
True
Is 5911 composite?
True
Is 2053 composite?
False
Is 13649 composite?
False
Is 11113 a composite number?
False
Is 1255679 a prime number?
True
Is 5623 a prime number?
True
Is 95131 a composite number?
False
Is 58321 a composite number?
False
Is 179093 composite?
True
Is 523477 prime?
False
Is 11519 a prime number?
True
Is 1987 a composite number?
False
Is 21857 composite?
True
Is 15395 a composite number?
True
Is 8207 a prime number?
False
Is 116979 prime?
False
Is 692387 prime?
True
Is 343319 composite?
True
Is 2140201 composite?
True
Is 303665 prime?
False
Is 6401 a prime number?
False
Is 677503 a prime number?
False
Is 19235 prime?
False
Is 15601 a composite number?
False
Is 116377 a composite number?
True
Is 10499 a prime number?
True
Is 24901 composite?
True
Is 20495 a prime number?
False
Is 25301 prime?
True
Is 154523 composite?
False
Is 230665 a composite number?
True
Is 12481 a composite number?
True
Is 3749 a composite number?
True
Is 834569 a prime number?
True
Is 40027 a prime number?
False
Is 17783 a composite number?
False
Is 187039 composite?
True
Is 522113 a prime number?
True
Is 1462519 composite?
False
Is 9239 prime?
True
Is 10073 a composite number?
True
Is 62081 prime?
True
Is 809943 a composite number?
True
Is 85381 a composite number?
False
Is 441697 prime?
True
Is 21517 a composite number?
False
Is 300481 a prime number?
True
Is 16249 a prime number?
True
Is 522157 a prime number?
True
Is 4861 a composite number?
False
Is 398071 a composite number?
True
Is 124723 a composite number?
True
Is 24691 a composite number?
False
Is 54217 a composite number?
False
Is 229343 composite?
False
Is 143131 prime?
False
Is 2722 a prime number?
False
Is 3629 a composite number?
True
Is 23101 composite?
True
Is 12979 composite?
False
Is 4201 composite?
False
Is 184313 prime?
False
Is 8654 a prime number?
False
Is 15898 prime?
False
Is 2419 prime?
False
Is 17707 composite?
False
Is 1415263 composite?
False
Is 24611 a composite number?
False
Is 17933 composite?
True
Is 911561 composite?
True
Is 1509 a prime number?
False
Is 761113 prime?
True
Is 2609 a composite number?
False
Is 114113 composite?
False
Is 365411 prime?
True
Is 39469 prime?
False
Is 3787 a composite number?
True
Is 145931 a composite number?
False
Is 359201 composite?
True
Is 1735 composite?
True
Is 42061 composite?
False
Is 2939 a prime number?
True
Is 547 a composite number?
False
Is 6612907 a prime number?
False
Is 3613 a composite number?
False
Is 539471 prime?
False
Is 1310171 a composite number?
False
Is 449219 a prime number?
False
Is 83537 composite?
False
Is 86783 a composite number?
False
Is 28453 composite?
True
Is 8353 a prime number?
True
Is 9587 a prime number?
True
Is 12097 prime?
True
Is 287293 a prime number?
False
Is 10119 composite?
True
Is 1193 composite?
False
Is 3101449 a composite number?
True
Is 176689 a prime number?
False
Is 12091 prime?
False
Is 4861 a prime number?
True
Is 835787 prime?
False
Is 166099 a composite number?
False
Is 692753 a prime number?
True
Is 77089 a composite number?
True
Is 167333 a prime number?
False
Is 218779 a prime number?
False
Is 91331 composite?
False
Is 16859 prime?
False
Is 497 a composite number?
True
Is 201 composite?
True
Is 26794 a composite number?
True
Is 46855 a prime number?
False
Is 20191 a composite number?
True
Is 12242 composite?
True
Is 17569 composite?
False
Is 18665 a prime number?
False
Is 121987 a prime number?
False
Is 103913 a composite number?
False
Is 10559 a composite number?
False
Is 39293 composite?
False
Is 24781 prime?
True
Is 39341 a prime number?
True
Is 360541 a prime number?
True
Is 194654 prime?
False
Is 40543 composite?
False
Is 19207 prime?
True
Is 147731 prime?
False
Is 738499 a composite number?
False
Is 75767 prime?
True
Is 24281 prime?
True
Is 123059 prime?
True
Is 27967 a composite number?
False
Is 18283 prime?
False
Is 8819 prime?
True
Is 7355 a composite number?
True
Is 211 prime?
True
Is 433217 composite?
True
Is 1040185 prime?
False
Is 1386457 composite?
False
Is 7669 prime?
True
Is 101995 a prime number?
False
Is 60251 a prime number?
True
Is 73027 a composite number?
True
Is 3814 a prime number?
False
Is 108343 composite?
False
Is 90311 a composite number?
True
Is 24281 a composite number?
False
Is 107441 a composite number?
False
Is 15419 a prime number?
False
Is 557033 a composite number?
False
Is 88547 a prime number?
True
Is 3943 composite?
False
Is 49319 prime?
False
Is 2146723 prime?
True
Is 7789 a prime number?
True
Is 14873 composite?
True
Is 49991 a prime number?
True
Is 13963 composite?
False
Is 2972327 composite?
True
Is 27053 prime?
False
Is 687081 a composite number?
True
Is 72019 prime?
True
Is 86883 a prime number?
False
Is 90667 composite?
True
Is 2471 a composite number?
True
Is 1003 composite?
True
Is 433891 composite?
True
Is 141667 a composite number?
False
Is 16222 a prime number?
False
Is 434783 a prime number?
True
Is 2587 composite?
True
Is 11239 composite?
False
Is 2417 prime?
True
Is 557381 a composite number?
True
Is 471169 a composite number?
True
Is 5242 composite?
True
Is 1264907 composite?
True
Is 5077 a composite number?
False
Is 1973 a composite number?
False
Is 5317 a composite number?
True
Is 60731 composite?
True
Is 71206 prime?
False
Is 371899 a prime number?
False
Is 158 prime?
False
Is 6953 a prime number?
False
Is 290593 composite?
False
Is 42041 prime?
False
Is 1847 a prime number?
True
Is 32069 composite?
False
Is 3223 prime?
False
Is 9 a composite number?
True
Is 6463 a composite number?
True
Is 723909 a prime number?
False
Is 1717 composite?
True
Is 209881 a prime number?
False
Is 3371 a composite number?
False
Is 602557 prime?
False
Is 17803 composite?
True
Is 297167 composite?
True
Is 299447 a composite number?
False
Is 191663 composite?
True
Is 48293 a prime number?
False
Is 444401 a prime number?
True
Is 998147 composite?
False
Is 591377 prime?
True
Is 372803 a composite number?
False
Is 71747 a composite number?
True
Is 8665 a prime number?
False
Is 174905 composite?
True
Is 6499 prime?
False
Is 42503 composite?
True
Is 67205 a composite number?
True
Is 2154